{"id":2497,"date":"2023-02-05T22:11:36","date_gmt":"2023-02-05T21:11:36","guid":{"rendered":"https:\/\/www.lecomptoirjunasol.coop\/?page_id=2497"},"modified":"2025-01-19T16:37:39","modified_gmt":"2025-01-19T15:37:39","slug":"tableau-blanc","status":"publish","type":"page","link":"https:\/\/www.lecomptoirjunasol.coop\/?page_id=2497","title":{"rendered":"On parle de nous&#8230;"},"content":{"rendered":"\t\t<div data-elementor-type=\"wp-page\" data-elementor-id=\"2497\" class=\"elementor elementor-2497\">\n\t\t\t\t\t\t<section class=\"elementor-section elementor-top-section elementor-element elementor-element-dfe5023 elementor-section-boxed elementor-section-height-default elementor-section-height-default\" data-id=\"dfe5023\" data-element_type=\"section\">\n\t\t\t\t\t\t<div class=\"elementor-container elementor-column-gap-default\">\n\t\t\t\t\t<div class=\"elementor-column elementor-col-100 elementor-top-column elementor-element elementor-element-8e3f69f\" data-id=\"8e3f69f\" data-element_type=\"column\">\n\t\t\t<div class=\"elementor-widget-wrap elementor-element-populated\">\n\t\t\t\t\t\t<div class=\"elementor-element elementor-element-2ddcaec elementor-widget elementor-widget-text-editor\" data-id=\"2ddcaec\" data-element_type=\"widget\" data-widget_type=\"text-editor.default\">\n\t\t\t\t<div class=\"elementor-widget-container\">\n\t\t\t\t\t\t\t\t\t<header><div class=\"header\"><div class=\"container\"><div class=\"row\"><div class=\"col-12 col-md-3 col-lg-4 logoheader\"><a class=\"toplogo\" href=\"https:\/\/www.lereveildumidi.fr\/index.php\"><img decoding=\"async\" class=\"logo\" src=\"https:\/\/www.lereveildumidi.fr\/images\/icons\/logo_RDM.png#joomlaImage:\/\/local-images\/icons\/logo_RDM.png?width=349&amp;height=91\" \/><\/a><\/div><div class=\"col-12 col-md-9 col-lg-8 moduleheader\"><div id=\"mod-custom109\" class=\"mod-custom custom\"><p>JOURNAL D\u2019INFORMATION G\u00c9N\u00c9RALE ET POLITIQUE HABILIT\u00c9<br \/>\u00c0 PUBLIER LES ANNONCES JUDICIAIRES ET L\u00c9GALES DU GARD<\/p><\/div><\/div><\/div><\/div><\/div><\/header><div class=\"container afterheader\"><div class=\"row\"><div class=\"col-12 mainmenubottom\"><div class=\"bannergroup rotative\"><div class=\"banneritems\"><div class=\"banneritem item0\">\u00a0<\/div><\/div><\/div><div class=\"bannergroup rotative\"><div class=\"banneritems\"><br \/><div class=\"banneritem item0\">\u00a0<\/div><\/div><\/div><\/div><\/div><\/div><main class=\"container\"><div class=\"row\"><div class=\"col-12 col-xl-9 maincontent\"><article class=\"article_rdm\"><header class=\"article_rdm_header\"><div class=\"category cat\"><div class=\"catstyle68\">ENTREPRISE<\/div><\/div><h1>Entreprises : Voici les laur\u00e9ats du Prix de la TPE organis\u00e9 par la CCI du Gard<\/h1><div class=\"rdminfos\"><div class=\"timing\"><img decoding=\"async\" src=\"https:\/\/www.lereveildumidi.fr\/images\/icons\/timing.png\" srcset=\"\/images\/icons\/timing@2x.png 2x\" alt=\"dur\u00e9e de lecture\" \/>Temps de lecture 1 min 24 sec<\/div><div class=\"date\"><img decoding=\"async\" src=\"https:\/\/www.lereveildumidi.fr\/images\/icons\/clock_blue.png\" srcset=\"\/images\/icons\/clock_blue@2x.png 2x\" alt=\"date\" \/>Mercredi 15 Novembre 2023<\/div><\/div><\/header><div class=\"taglist\"><a class=\"taglink\" href=\"https:\/\/www.lereveildumidi.fr\/actualites-du-gard-pres-de-chez-vous\/gard\">Gard<\/a><\/div><div class=\"introimg\"><img decoding=\"async\" src=\"https:\/\/www.lereveildumidi.fr\/images\/vvvv_cci_gard_prix_tpe.jpg\" alt=\"cci_gard_prix_tpe 2023\" \/><div class=\"copyright\"><div>tous droits r\u00e9serv\u00e9s<\/div><\/div><\/div><div class=\"article_rdm_content\"><p class=\"chapeau\">Six entreprises honor\u00e9es\u2009! Ce mardi 14 novembre, la c\u00e9r\u00e9monie Prix de la TPE 2023 de la Chambre de commerce et d\u2019industrie a r\u00e9compens\u00e9 des entreprises selon diff\u00e9rents crit\u00e8res. Les gagnants participeront \u00e0 la finale Occitanie du m\u00eame concours, d\u00e9but d\u00e9cembre. Le R\u00e9veil du Midi vous pr\u00e9sente les laur\u00e9ats de la soir\u00e9e.<\/p><h2>Le Prix \u00caTRE : S2 Concept, \u00e0 Aubais<\/h2><p>Ils fournissent des \u00e9quipes de motards participant aux championnats dans le monde entier. Agn\u00e8s et Jean-Philippe Spaetch se sont lanc\u00e9s dans l\u2019aventure entrepreneuriale il y a 23 ans.<\/p><p>\u00ab\u2009On con\u00e7oit et fabrique des pi\u00e8ces de moto Racing et route. Quand on re\u00e7oit une moto, par exemple, c\u2019est nous qui d\u00e9cidons comment on va fabriquer le car\u00e9nage. On cr\u00e9e le moule, l\u2019outillage et on d\u00e9cide quand on lance la production\u2009\u00bb, explique Agn\u00e8s.<\/p><p><img fetchpriority=\"high\" decoding=\"async\" src=\"https:\/\/www.lereveildumidi.fr\/images\/nimes_cci_gard_prix_tpe_lereveildumidi5.jpg\" alt=\"nimes cci gard prix tpe lereveildumidi5\" width=\"850\" height=\"638\" \/><\/p><p>Comptant aujourd\u2019hui 11 personnes, l\u2019entreprise s\u2019est r\u00e9cemment dot\u00e9e, il y a 3 ans, d\u2019un centre d\u2019usinage afin d\u2019\u00eatre ind\u00e9pendante c\u00f4t\u00e9 production. Leurs clients\u2009? Des concessionnaires, des revendeurs, des pr\u00e9parateurs moto, mais aussi des pilotes, des \u00ab\u2009teams\u2009\u00bb, beaucoup qui participent au Championnat de France ou du monde de Superbike, aux courses d\u2019endurance, aux 24 heures du Mans, etc.\u2009\u00bb, conclut la co-g\u00e9rante.<\/p><h2>Le Prix FAIRE : Le Calot Fran\u00e7ais, de Langlade<\/h2><p>Elle a pens\u00e9 cette vocation dans les blocs op\u00e9ratoires. Aur\u00e9lie Agulhon, alors infirmi\u00e8re, porte un chapeau de bloc op\u00e9ratoire, appel\u00e9 calot. Elle d\u00e9cide un jour d\u2019en coudre un en tissu par elle-m\u00eame. \u00c0 force d\u2019en coudre \u00e0 ses coll\u00e8gues, elle d\u00e9cide de lancer son entreprise.<\/p><p><img decoding=\"async\" src=\"https:\/\/www.lereveildumidi.fr\/images\/nimes_cci_gard_prix_tpe_lereveildumidi.jpg\" alt=\"nimes cci gard prix tpe lereveildumidi\" width=\"850\" height=\"638\" \/><\/p><p>\u00ab\u2009Tout est fait main, dans le Gard, \u00e0 Langlade. Nous \u00e9quipons des CHU, notamment celui de Montpellier, mais aussi les dentistes, les v\u00e9t\u00e9rinaires, les laboratoires aussi\u2009\u00bb, explique Aur\u00e9lie Agulhon, tout juste r\u00e9compens\u00e9e de ce prix. \u00ab\u2009Pour moi, \u00e7a repr\u00e9sente beaucoup de travail et de l\u2019encouragement pour beaucoup de travail \u00e0 venir\u2009\u00bb, commente-t-elle.<\/p><h2>Le Prix PILOTER : Le Mas des Oules, \u00e0 Saint-Victor-des-Oules<\/h2><p>Christophe Conquy d\u00e9cide de se lancer il y a 5 ans. Le Mas des Oules est, depuis, une r\u00e9sidence de tourisme situ\u00e9 \u00e0 5 kilom\u00e8tres d\u2019Uz\u00e8s. Un g\u00eete avec un service h\u00f4telier, class\u00e9 4 \u00e9toiles. Location \u00e0 la nuit\u00e9e aux particuliers pour une nuit luxueuse, un mariage ou un bapt\u00eame, mais aussi location aux entreprises d\u00e9sireuses d\u2019organiser un s\u00e9minaire ou une formation.<\/p><p><img decoding=\"async\" src=\"https:\/\/www.lereveildumidi.fr\/images\/nimes_cci_gard_prix_tpe_lereveildumidi4.jpg\" alt=\"nimes cci gard prix tpe lereveildumidi4\" width=\"850\" height=\"638\" \/><\/p><p>Mais voil\u00e0, en 2020, une catastrophe se profile. \u00ab\u2009Tout le monde a \u00e9t\u00e9 affect\u00e9 par le COVID, mais nous on accueille du monde. Et l\u00e0, on nous emp\u00eachait d\u2019accueillir du monde. Une p\u00e9riode un peu triste \u00e0 g\u00e9rer\u2009\u00bb, se souvient Christophe Conquy. Dans ces moments-l\u00e0, on peut s\u2019effondrer ou essayer de rebondir.<\/p><p>La deuxi\u00e8me option est celle qu\u2019il choisit. \u00ab\u2009Nous avons voulu \u00eatre r\u00e9actifs, vis-\u00e0-vis de la client\u00e8le d\u2019abord, en leur proposant d\u2019embl\u00e9e de leur faire les m\u00eames conditions l\u2019ann\u00e9e suivante sans p\u00e9nalit\u00e9. Nous avons aussi essay\u00e9 de trouver de nouveaux march\u00e9s, notamment aupr\u00e8s de professeurs de Yoga pour qu\u2019ils organisent des sessions en pr\u00e9sentiel. C\u2019est ce qui nous a sauv\u00e9s\u2009\u00bb, raconte le chef d\u2019entreprise.<\/p><h2>Le Prix S\u2019ENGAGER : Maison Rivier, \u00e0 Chusclan<\/h2><p>Les dirigeants n\u2019\u00e9taient pas de la f\u00eate ce mardi au bar Le Drop. Install\u00e9e \u00e0 Chusclan, l\u2019entreprise est cr\u00e9\u00e9e en 1981 lorsque le fils Mathieu revient sur l\u2019exploitation familiale.<\/p><p>Lui et son p\u00e8re Claude fondent la Maison Rivier afin de commercialiser leurs propres cuv\u00e9es rendant hommage aux 6 g\u00e9n\u00e9rations de la famille. Aujourd\u2019hui, l\u2019entreprise se diversifie dans l\u2019\u00e9v\u00e9nementiel en partenariat pour faire profiter les plus f\u00eatards de leurs produits.<\/p><h2>Prix Coup de c\u0153ur 1 : Le Comptoir JunaSol, \u00e0 Junas<\/h2><p>Ce commerce se base sur une structure participative. \u00ab\u2009340 personnes ont mis au moins 50 euros dans l\u2019entreprise, comme coop\u00e9rateur. On fournit tous les produits ou services dont les coop\u00e9rateurs expriment le besoin\u2009\u00bb, explique Damery Prache, cr\u00e9atrice de cette entreprise en 2015. Un concept utile pour des villages isol\u00e9s parfois amen\u00e9s \u00e0 perdre des services aux habitants.<\/p><p><img loading=\"lazy\" decoding=\"async\" src=\"https:\/\/www.lereveildumidi.fr\/images\/nimes_cci_gard_prix_tpe_lereveildumidi3.jpg\" alt=\"nimes cci gard prix tpe lereveildumidi3\" width=\"850\" height=\"638\" \/><\/p><h2>Prix coup de c\u0153ur 2 : Au Dessert du Roy, de Bellegarde<\/h2><p>Cette p\u00e2tisserie, cr\u00e9\u00e9e par Sylvain et Nathalie Dinger, propose une large gamme de chocolats et p\u00e2tisseries, notamment sans gluten ou sans lactose. \u00ab\u2009Des g\u00e2teaux pour que tout le monde ait le m\u00eame g\u00e2teau en famille pour les f\u00eates, qu\u2019il n\u2019y ait pas de diff\u00e9rence\u2009\u00bb.<\/p><p><img loading=\"lazy\" decoding=\"async\" src=\"https:\/\/www.lereveildumidi.fr\/images\/nimes_cci_gard_prix_tpe_lereveildumidi2.jpg\" alt=\"nimes cci gard prix tpe lereveildumidi2\" width=\"850\" height=\"638\" \/><\/p><h3>\u00c0 lire sur le m\u00eame th\u00e8me :\u00a0<\/h3><p><a href=\"https:\/\/www.lereveildumidi.fr\/%C3%A9conomie\/entreprise\/d%E2%80%99ici-la-fin-de-l%E2%80%99ann%C3%A9e,-quatre-%C3%A9v%C3%A9nements-de-la-cci-gard-%C3%A0-ne-pas-manquer\">D\u2019ici la fin de l\u2019ann\u00e9e, quatre \u00e9v\u00e9nements de la CCI Gard \u00e0 ne pas manquer\u00a0<\/a><\/p><p><a href=\"https:\/\/www.lereveildumidi.fr\/%C3%A9conomie\/entreprise\/%C3%A9lections-partielles-de-la-cci-la-liste-de-giraudier-remporte\">\u00c9lections partielles de la CCI : La liste d&rsquo;\u00c9ric Giraudier remporte les si\u00e8ges<\/a><\/p><\/div><\/article><\/div><\/div><\/main>\t\t\t\t\t\t\t\t<\/div>\n\t\t\t\t<\/div>\n\t\t\t\t\t<\/div>\n\t\t<\/div>\n\t\t\t\t\t<\/div>\n\t\t<\/section>\n\t\t\t\t<section class=\"elementor-section elementor-top-section elementor-element elementor-element-77cdccf elementor-section-boxed elementor-section-height-default elementor-section-height-default\" data-id=\"77cdccf\" data-element_type=\"section\">\n\t\t\t\t\t\t<div class=\"elementor-container elementor-column-gap-default\">\n\t\t\t\t\t<div class=\"elementor-column elementor-col-100 elementor-top-column elementor-element elementor-element-cafb497\" data-id=\"cafb497\" data-element_type=\"column\">\n\t\t\t<div class=\"elementor-widget-wrap elementor-element-populated\">\n\t\t\t\t\t\t<div class=\"elementor-element elementor-element-a257125 elementor-widget elementor-widget-video\" data-id=\"a257125\" data-element_type=\"widget\" data-settings=\"{&quot;youtube_url&quot;:&quot;https:\\\/\\\/youtu.be\\\/MvG03aNmyTM?t=8&quot;,&quot;video_type&quot;:&quot;youtube&quot;,&quot;controls&quot;:&quot;yes&quot;}\" data-widget_type=\"video.default\">\n\t\t\t\t<div class=\"elementor-widget-container\">\n\t\t\t\t\t\t\t<div class=\"elementor-wrapper elementor-open-inline\">\n\t\t\t<div class=\"elementor-video\"><\/div>\t\t<\/div>\n\t\t\t\t\t\t<\/div>\n\t\t\t\t<\/div>\n\t\t\t\t\t<\/div>\n\t\t<\/div>\n\t\t\t\t\t<\/div>\n\t\t<\/section>\n\t\t\t\t<\/div>\n\t\t","protected":false},"excerpt":{"rendered":"<p>JOURNAL D\u2019INFORMATION G\u00c9N\u00c9RALE ET POLITIQUE HABILIT\u00c9\u00c0 PUBLIER LES ANNONCES JUDICIAIRES ET L\u00c9GALES DU GARD \u00a0\u00a0 ENTREPRISE Entreprises : Voici les laur\u00e9ats du Prix de la TPE organis\u00e9 par la CCI du Gard Temps de lecture 1 min 24 secMercredi 15 Novembre 2023 Gardtous droits r\u00e9serv\u00e9s Six entreprises honor\u00e9es\u2009! Ce mardi 14 novembre, la c\u00e9r\u00e9monie Prix [&hellip;]<\/p>\n","protected":false},"author":2,"featured_media":0,"parent":0,"menu_order":0,"comment_status":"closed","ping_status":"closed","template":"","meta":{"_mc_calendar":[],"footnotes":""},"class_list":["post-2497","page","type-page","status-publish","hentry"],"_links":{"self":[{"href":"https:\/\/www.lecomptoirjunasol.coop\/index.php?rest_route=\/wp\/v2\/pages\/2497","targetHints":{"allow":["GET"]}}],"collection":[{"href":"https:\/\/www.lecomptoirjunasol.coop\/index.php?rest_route=\/wp\/v2\/pages"}],"about":[{"href":"https:\/\/www.lecomptoirjunasol.coop\/index.php?rest_route=\/wp\/v2\/types\/page"}],"author":[{"embeddable":true,"href":"https:\/\/www.lecomptoirjunasol.coop\/index.php?rest_route=\/wp\/v2\/users\/2"}],"replies":[{"embeddable":true,"href":"https:\/\/www.lecomptoirjunasol.coop\/index.php?rest_route=%2Fwp%2Fv2%2Fcomments&post=2497"}],"version-history":[{"count":22,"href":"https:\/\/www.lecomptoirjunasol.coop\/index.php?rest_route=\/wp\/v2\/pages\/2497\/revisions"}],"predecessor-version":[{"id":3321,"href":"https:\/\/www.lecomptoirjunasol.coop\/index.php?rest_route=\/wp\/v2\/pages\/2497\/revisions\/3321"}],"wp:attachment":[{"href":"https:\/\/www.lecomptoirjunasol.coop\/index.php?rest_route=%2Fwp%2Fv2%2Fmedia&parent=2497"}],"curies":[{"name":"wp","href":"https:\/\/api.w.org\/{rel}","templated":true}]}}