{"id":2647,"date":"2023-02-08T18:04:58","date_gmt":"2023-02-08T17:04:58","guid":{"rendered":"https:\/\/www.lecomptoirjunasol.coop\/?page_id=2647"},"modified":"2025-01-23T22:47:30","modified_gmt":"2025-01-23T21:47:30","slug":"carte-organisationnelle","status":"publish","type":"page","link":"https:\/\/www.lecomptoirjunasol.coop\/?page_id=2647","title":{"rendered":"Nos produits"},"content":{"rendered":"\t\t<div data-elementor-type=\"wp-page\" data-elementor-id=\"2647\" class=\"elementor elementor-2647\">\n\t\t\t\t\t\t<section class=\"elementor-section elementor-top-section elementor-element elementor-element-5314717 elementor-section-boxed elementor-section-height-default elementor-section-height-default\" data-id=\"5314717\" data-element_type=\"section\">\n\t\t\t\t\t\t<div class=\"elementor-container elementor-column-gap-default\">\n\t\t\t\t\t<div class=\"elementor-column elementor-col-100 elementor-top-column elementor-element elementor-element-fd03c19\" data-id=\"fd03c19\" data-element_type=\"column\">\n\t\t\t<div class=\"elementor-widget-wrap elementor-element-populated\">\n\t\t\t\t\t\t<div class=\"elementor-element elementor-element-400417e elementor-widget elementor-widget-html\" data-id=\"400417e\" data-element_type=\"widget\" data-widget_type=\"html.default\">\n\t\t\t\t<div class=\"elementor-widget-container\">\n\t\t\t\t\t<!DOCTYPE html>\r\n<html lang=\"fr\">\r\n<head>\r\n    <meta charset=\"UTF-8\">\r\n    <meta name=\"viewport\" content=\"width=device-width, initial-scale=1.0\">\r\n    <title>Nos Produits - Le Comptoir Junasol<\/title>\r\n    <link href=\"https:\/\/fonts.googleapis.com\/css?family=Roboto:300,400,500&display=swap\" rel=\"stylesheet\">\r\n    <style>\r\n        body {\r\n            font-family: 'Roboto', sans-serif;\r\n            margin: 0;\r\n            padding: 0;\r\n            background-color: #f5f5f5;\r\n            color: #333;\r\n            line-height: 1.6;\r\n        }\r\n        .container {\r\n            max-width: 1200px;\r\n            margin: 0 auto;\r\n            padding: 20px;\r\n        }\r\n        h2 {\r\n            text-align: center;\r\n            margin-bottom: 30px;\r\n        }\r\n        .products {\r\n            display: grid;\r\n            grid-template-columns: repeat(auto-fit, minmax(250px, 1fr));\r\n            gap: 20px;\r\n        }\r\n        .product-card {\r\n            background-color: white;\r\n            border-radius: 8px;\r\n            box-shadow: 0 2px 4px rgba(0,0,0,0.1);\r\n            overflow: hidden;\r\n            transition: transform 0.3s ease;\r\n        }\r\n        .product-card:hover {\r\n            transform: translateY(-5px);\r\n        }\r\n        .product-card img {\r\n            width: 100%;\r\n            height: 200px;\r\n            object-fit: cover;\r\n        }\r\n        .product-info {\r\n            padding: 15px;\r\n        }\r\n        .product-info h3 {\r\n            margin: 0 0 10px;\r\n            font-size: 1.2em;\r\n        }\r\n        .product-info p {\r\n            color: #666;\r\n            margin: 0;\r\n            font-size: 0.9em;\r\n        }\r\n    <\/style>\r\n<\/head>\r\n<body>\r\n    <main class=\"container\">\r\n        <h2>Nos Produits<\/h2>\r\n        <div class=\"products\">\r\n            <div class=\"product-card\">\r\n                <img decoding=\"async\" src=\"https:\/\/images.unsplash.com\/photo-1610348725531-843dff563e2c\" alt=\"Panier de l\u00e9gumes bio\">\r\n                <div class=\"product-info\">\r\n                    <h3>Panier de l\u00e9gumes bio<\/h3>\r\n                    <p>Assortiment de l\u00e9gumes de saison cultiv\u00e9s localement<\/p>\r\n                <\/div>\r\n            <\/div>\r\n            <div class=\"product-card\">\r\n                <img decoding=\"async\" src=\"https:\/\/static.wixstatic.com\/media\/ca01e6_7632b1fef17947c3ac6783d4e9b774d2~mv2.jpg\/v1\/fill\/w_500,h_667,al_c,q_80,usm_0.66_1.00_0.01,enc_auto\/ca01e6_7632b1fef17947c3ac6783d4e9b774d2~mv2.jpg\" alt=\"Miel artisanal\">\r\n                <div class=\"product-info\">\r\n                    <h3>Miel artisanal<\/h3>\r\n                    <p>Miel produit par nos apiculteurs partenaires<\/p>\r\n                <\/div>\r\n            <\/div>\r\n            <div class=\"product-card\">\r\n                <img decoding=\"async\" src=\"https:\/\/images.unsplash.com\/photo-1486297678162-eb2a19b0a32d\" alt=\"Fromages fermiers\">\r\n                <div class=\"product-info\">\r\n                    <h3>Fromages fermiers<\/h3>\r\n                    <p>S\u00e9lection de fromages de nos producteurs locaux<\/p>\r\n                <\/div>\r\n            <\/div>\r\n            <div class=\"product-card\">\r\n                <img decoding=\"async\" src=\"https:\/\/images.unsplash.com\/photo-1474979266404-7eaacbcd87c5\" alt=\"Huile d'olive bio\">\r\n                <div class=\"product-info\">\r\n                    <h3>Huile d'olive bio<\/h3>\r\n                    <p>Huile d'olive extra vierge press\u00e9e \u00e0 froid<\/p>\r\n                <\/div>\r\n            <\/div>\r\n        <\/div>\r\n    <\/main>\r\n<\/body>\r\n<\/html>\r\n\t\t\t\t<\/div>\n\t\t\t\t<\/div>\n\t\t\t\t\t<\/div>\n\t\t<\/div>\n\t\t\t\t\t<\/div>\n\t\t<\/section>\n\t\t\t\t<\/div>\n\t\t","protected":false},"excerpt":{"rendered":"<p>Nos Produits &#8211; Le Comptoir Junasol Nos Produits Panier de l\u00e9gumes bio Assortiment de l\u00e9gumes de saison cultiv\u00e9s localement Miel artisanal Miel produit par nos apiculteurs partenaires Fromages fermiers S\u00e9lection de fromages de nos producteurs locaux Huile d&rsquo;olive bio Huile d&rsquo;olive extra vierge press\u00e9e \u00e0 froid<\/p>\n","protected":false},"author":2,"featured_media":0,"parent":0,"menu_order":0,"comment_status":"closed","ping_status":"closed","template":"","meta":{"_mc_calendar":[],"footnotes":""},"class_list":["post-2647","page","type-page","status-publish","hentry"],"_links":{"self":[{"href":"https:\/\/www.lecomptoirjunasol.coop\/index.php?rest_route=\/wp\/v2\/pages\/2647","targetHints":{"allow":["GET"]}}],"collection":[{"href":"https:\/\/www.lecomptoirjunasol.coop\/index.php?rest_route=\/wp\/v2\/pages"}],"about":[{"href":"https:\/\/www.lecomptoirjunasol.coop\/index.php?rest_route=\/wp\/v2\/types\/page"}],"author":[{"embeddable":true,"href":"https:\/\/www.lecomptoirjunasol.coop\/index.php?rest_route=\/wp\/v2\/users\/2"}],"replies":[{"embeddable":true,"href":"https:\/\/www.lecomptoirjunasol.coop\/index.php?rest_route=%2Fwp%2Fv2%2Fcomments&post=2647"}],"version-history":[{"count":15,"href":"https:\/\/www.lecomptoirjunasol.coop\/index.php?rest_route=\/wp\/v2\/pages\/2647\/revisions"}],"predecessor-version":[{"id":3690,"href":"https:\/\/www.lecomptoirjunasol.coop\/index.php?rest_route=\/wp\/v2\/pages\/2647\/revisions\/3690"}],"wp:attachment":[{"href":"https:\/\/www.lecomptoirjunasol.coop\/index.php?rest_route=%2Fwp%2Fv2%2Fmedia&parent=2647"}],"curies":[{"name":"wp","href":"https:\/\/api.w.org\/{rel}","templated":true}]}}